+ 54/7. Suppose 0*k = -4*k. Suppose 0 = -k*m - m + j. What are the prime factors of m?
2
Suppose 3*m - 3*k - 123 = 2*m, -2*k = -3*m + 348. What are the prime factors of m?
2, 3, 19
Suppose -10*d = -670 - 60. What are the prime factors of d?
73
Let m(g) be the third derivative of -g**5/60 - 5*g**4/24 + 5*g**3/6 - g**2. Let v be m(-6). What are the prime factors of ((-22)/1)/(-2) - v?
2, 3
Suppose -5*w - 1 = 4*q, q - 4*w + 1 = 6. Let n = 20 - q. What are the prime factors of n?
19
Suppose 0*w - 4*r + 47 = 3*w, 0 = w - r - 25. Let i = w + -12. What are the prime factors of i?
3
Let j be ((-8)/3)/(4/(-30)). Suppose 4 = -4*k - 8, y - 15 = 5*k. Suppose 3*x + y*u + 2*u - 22 = 0, -4*x = -2*u - j. What are the prime factors of x?
2, 3
Suppose -5*r = 8 - 23. Let h be 1 + -2 + r - 2. List the prime factors of 21*(-2 + h)/(-6).
7
Suppose 0 = 5*t - 2 - 3. Suppose b = -t + 6. What are the prime factors of b?
5
List the prime factors of (-134)/(-3) - ((-4)/12 - 0).
3, 5
Suppose 4*v - 25 = -7*x + 2*x, v - 4*x = -20. Suppose v = 3*k - 1 + 7. Let w = k - -4. List the prime factors of w.
2
Suppose 0 = -3*n + 10 - 4. Let f(m) = 1 + n*m - 3 - 5*m. List the prime factors of f(-5).
13
Let b(a) = 3*a**2 + a - 17. List the prime factors of b(7).
137
Let a = 32 + 4. List the prime factors of a.
2, 3
Let r = -7 + 9. Suppose -n + 18 = -5*k - 9, -r*k = -2*n + 38. What are the prime factors of n?
17
Let u be 7 - (-1)/2*-6. Suppose u*h - 5*r + r - 8 = 0, -5*r = -h - 2. Suppose h*x - 3 = 3. What are the prime factors of x?
2
Suppose 36 = w + 2*q, -5*w + q + q = -168. Suppose v - w = -5*p + 41, p = -2*v + 15. List the prime factors of p.
3, 5
Let t(k) = k**2 + 7*k + 4. Let m be t(-6). Let r(x) = -x + 1. Let i be r(m). Suppose 0 = i*n + 4*o + 3 - 25, 0 = -2*n + o + 11. List the prime factors of n.
2, 3
Suppose 7 - 22 = -3*d. Suppose 74 = -d*s + 299. Suppose -4*c = c - s. What are the prime factors of c?
3
Suppose -z + s + 12 = 4, z = 5*s + 20. Let g be 7/(-21) + 20/6. Suppose 5*p = z*x - 115, 7*x = g*x + p + 83. What are the prime factors of x?
2, 5
Let o(q) = q**3 + 5*q**2 + 2*q - 4. Let d be o(-4). Let j(g) = -g**3 + 4*g**2. Let k be j(d). Suppose -2*w + k*w + 24 = 0. List the prime factors of w.
2, 3
Let y = 2 - 7. Let o be (-2)/y + (-26)/(-10). Let u = -1 + o. List the prime factors of u.
2
Let o = -89 - -171. Let u = -56 + o. What are the prime factors of u?
2, 13
Suppose 3*a + 45 = -3*v, -a - 6*v + 5 = -v. List the prime factors of (96/a)/((-12)/40).
2
Let q be -6 + (-2)/(-4)*2. Let c be (2 + q)/((-6)/(-8)). What are the prime factors of (-228)/(-54) - c/(-18)?
2
Suppose -d + 16 + 9 = -z, 3*d - 4*z - 77 = 0. List the prime factors of d.
23
Suppose -4*f + 113 = -679. List the prime factors of f.
2, 3, 11
Let s = -4 + 7. Suppose g - 14 - 10 = -s*b, g - b = 4. What are the prime factors of g?
3
Let t = -8 + 12. Suppose -3*v + 71 = -0*d - 4*d, 2*d - 59 = -3*v. Suppose -k - t*a + v = 0, -a + 17 = 5*k - 3*a. List the prime factors of k.
5
Let k(b) = b**2 + 3*b - 2. Let c be k(-4). Let z = -2 + c. Suppose z = n - 3*n + 12. List the prime factors of n.
2, 3
Suppose 3*r - 3 = 4*g + 17, 5*r - 15 = 3*g. Suppose -w + 3 = -r. What are the prime factors of w?
3
Suppose -2*l + 4*f = 20, 2*l - 6*l - 5*f = 14. What are the prime factors of 16/6*l/(-4)?
2
Let v = 1 - -8. Let h = v - 13. Let i = h + 13. What are the prime factors of i?
3
Let t(w) = -26 + 3*w - 22 + 45. Suppose 4*q + 12 = 0, 4*j - q = 3*j + 5. List the prime factors of t(j).
3
Let w(a) be the second derivative of 5*a**4/6 - a**3/6 + a. Let g = 3 - 4. List the prime factors of w(g).
11
Suppose -3*c - 5*q = -2*c - 20, 4 = c + q. Suppose c*l = l - 13. What are the prime factors of l?
13
Let z = 26 + -23. Suppose -118 = -4*y - v, z*y - 5*v = -2*y + 135. List the prime factors of y.
29
Let q(m) = 2*m. Let a be q(-2). Let j = a - -6. Suppose 8 = j*x - 10. List the prime factors of x.
3
Suppose 2*s = -2*s + 8. Suppose 0 = -4*t - 2*a + 92, 2*a = -s*t - a + 46. What are the prime factors of t?
23
Let x(m) = 8*m**2 + 4*m + 5. What are the prime factors of x(-4)?
3, 13
What are the prime factors of (2 + 0)/((-1)/(-7))?
2, 7
Let z(d) = 4*d**2 + 4*d + 20. List the prime factors of z(-8).
2, 61
Suppose 2 = -2*o + o. Let s be ((-1 - o) + -3)/(-1). Let j = s + 5. List the prime factors of j.
7
Let c(v) be the third derivative of -v**5/60 + 5*v**3/6 - v**2. Let q be c(0). Let w = 15 - q. List the prime factors of w.
2, 5
Suppose -3*w - 3 = 6. Let h(p) = -2*p + 1. Let y be h(3). Let l = w - y. List the prime factors of l.
2
Suppose -2*y = -5*a + 255, a + 3*a + 5*y - 204 = 0. List the prime factors of a.
3, 17
Let a(u) be the second derivative of -u**4/12 + u**3 - 3*u**2/2 + 2*u. Let q be a(6). List the prime factors of (q - (-2)/1)*-10.
2, 5
Let v(u) = -u**2 + 10*u. Let k be v(10). Suppose -4*b + 20 = -k. List the prime factors of b.
5
Suppose -22*y + 182 = -20*y. What are the prime factors of y?
7, 13
Suppose -t - 10 - 7 = 0. What are the prime factors of (t/4)/((-3)/12)?
17
Suppose -32 = -3*u + 40. List the prime factors of u.
2, 3
Let z = 6 + -6. Suppose z = -3*x + 2*x + 33. What are the prime factors of x?
3, 11
Let r = 66 - 28. What are the prime factors of r?
2, 19
Let z(s) = -3*s**3 - 18*s**2 + 5*s - 8. Let v(g) = g**3 + 9*g**2 - 2*g + 4. Let b(u) = 5*v(u) + 2*z(u). Let n = 34 + -25. List the prime factors of b(n).
2
Suppose -2 = -i + 2. Suppose 4*r - 16 = -4*g, -16 = 2*g - 0*g - 4*r. What are the prime factors of (-4 + g)*(-2)/i?
2
Let f be 5/2*20/25. Let r(p) = -p + 11. Let o be r(7). Suppose o*n = f*b + 20, -2*n - 5*b - 6 = -n. List the prime factors of n.
2
Let f = 23 - -43. List the prime factors of f.
2, 3, 11
Let s(q) be the second derivative of -3*q**5/20 + q**4/12 - q. Let a be s(-1). Suppose 2*w = 3*w - 2*d - 1, -2*d + 54 = a*w. List the prime factors of w.
11
Suppose x + 5*y = 20, -4*x - 3*y + 64 - 1 = 0. Suppose 3*s - s + 156 = 0. What are the prime factors of s/(-15) - 3/x?
5
Let p(x) = x + 3. Let s be p(-3). Suppose s = -5*b + b + 64. List the prime factors of b.
2
Suppose 0 = 4*g - 635 - 653. What are the prime factors of g?
2, 7, 23
Suppose -5*j + 35 = 3*d - 28, d - 4 = 4*j. Suppose 18 = -4*z - 2. Let n = z + d. List the prime factors of n.
11
Let h(r) = -8*r. What are the prime factors of h(-10)?
2, 5
Suppose -2*y - 31 = 4*o + 3*y, 17 = -2*o - 3*y. Let p be 1 + (o - (0 - 0)). What are the prime factors of (15/4)/(p/(-8))?
2, 5
Suppose 0 = -3*k + 2*k + 55. What are the prime factors of k?
5, 11
What are the prime factors of (-2 + 9)/(6/42)?
7
Let k(d) = -d**3 - 11*d**2 + 11*d - 5. Let z be k(-12). Let s = 24 - z. What are the prime factors of s?
17
Let r(v) = -v + 4. Let d be r(-3). Let u = 1 + 1. Suppose 0 = -4*n - 3*x + 17, -d = -4*n - 7*x + u*x. What are the prime factors of n?
2
Let p(y) = -2*y**3 + 23*y**2 + 7*y + 21. List the prime factors of p(11).
3, 73
Let h = 9 - 6. Suppose 4*l = 4*d + 52, 53 + 6 = 4*l + h*d. List the prime factors of l.
2, 7
Let p(g) = 2*g - 6. Let f be p(4). Let h be (0 - (-1)/3)*30. Suppose f - h = -y. What are the prime factors of y?
2
Let u(s) be the third derivative of s**5/60 - s**4/6 - s**3/3 - 3*s**2. Let b be u(4). List the prime factors of 9/((-6)/b)*5.
3, 5
Let v = 3 - 10. What are the prime factors of 18/v*(-84)/18?
2, 3
Suppose -7*i = -6*i - 53. List the prime factors of i.
53
Let u be -2*(-3 - 51/(-6)). Let i = -5 - u. Let k = 22 - i. List the prime factors of k.
2
Let l = -31 + 25. What are the prime factors of 1/(-3) - 44/l?
7
Suppose -4*d + 12 = -0*d. Let h(f) = -6 + 5 + 12*f**2 + d*f - 2*f. What are the prime factors of h(1)?
2, 3
Let l(v) = 5*v + 3*v**2 + v + 7 - 2*v**2 + 0*v**2. What are the prime factors of l(-5)?
2
Suppose -5*j - 4*t = -78 - 589, -5*j + 658 = t. What are the prime factors of j?
131
Suppose 0 = -3*a + 149 + 85. List the prime factors of a.
2, 3, 13
Let o = -6 - -14. Let g be (12/1)/(o/12). Suppose 4*h - g + 2 = 0. List the prime factors of h.
2
Let x(r) = -r + 5. Let l be (51/(-85))/((-2)/10). What are the prime factors of x(l)?
2
List the prime factors of 1 + 0 + (-3 - -5).
3
Let c(t) = 6*t - 4. List the prime factors of c(5).
2, 13
Let t(q) = q**2 - 2*q - 5. Let y be t(4). Suppose -91 = -y*f - 4*s, s + 139 = 4*f + 24. List the prime factors of f.
